{"id":2981,"date":"2023-09-29T11:35:17","date_gmt":"2023-09-29T09:35:17","guid":{"rendered":"https:\/\/dev.bjhuman.hu\/?page_id=2981"},"modified":"2023-09-29T11:45:24","modified_gmt":"2023-09-29T09:45:24","slug":"gyermek-es-ifjusagi-fogaszati-rendelesi-idok","status":"publish","type":"page","link":"https:\/\/bjhuman.hu\/index.php\/gyermek-es-ifjusagi-fogaszati-rendelesi-idok\/","title":{"rendered":"Gyermek- \u00e9s ifj\u00fas\u00e1gi fog\u00e1szat \u00e1ltal\u00e1nos t\u00e1j\u00e9koztat\u00f3"},"content":{"rendered":"\t\t<div data-elementor-type=\"wp-page\" data-elementor-id=\"2981\" class=\"elementor elementor-2981\">\n\t\t\t\t\t\t<section class=\"elementor-section elementor-top-section elementor-element elementor-element-1e96880 elementor-section-boxed elementor-section-height-default elementor-section-height-default wpr-particle-no wpr-jarallax-no wpr-parallax-no wpr-sticky-section-no wpr-equal-height-no\" data-id=\"1e96880\" data-element_type=\"section\" data-e-type=\"section\">\n\t\t\t\t\t\t<div class=\"elementor-container elementor-column-gap-default\">\n\t\t\t\t\t<div class=\"elementor-column elementor-col-100 elementor-top-column elementor-element elementor-element-5ca8abf\" data-id=\"5ca8abf\" data-element_type=\"column\" data-e-type=\"column\">\n\t\t\t<div class=\"elementor-widget-wrap elementor-element-populated\">\n\t\t\t\t\t\t<div class=\"elementor-element elementor-element-50cd7e2 elementor-widget elementor-widget-text-editor\" data-id=\"50cd7e2\" data-element_type=\"widget\" data-e-type=\"widget\" data-widget_type=\"text-editor.default\">\n\t\t\t\t<div class=\"elementor-widget-container\">\n\t\t\t\t\t\t\t\t\t<p><strong>A rendel\u0151 helysz\u00edne:<\/strong> 1077 Budapest, Hevesi S\u00e1ndor t\u00e9r 1.<br \/><strong>Telefonsz\u00e1m<\/strong>: 06-1-342 5991<\/p><p><br \/><strong>Betegfogad\u00e1s rendje:<\/strong><\/p><ul><li>Beutal\u00f3 sz\u00fcks\u00e9ges-e: NEM<\/li><li>Az utols\u00f3 beteg fogad\u00e1s\u00e1nak id\u0151pontja: 18.00 \u00f3ra.<\/li><\/ul><p><br \/><strong>Rendel\u00e9si id\u0151 munkanapokon:<\/strong><\/p><ul><li>8.00-13.00 \u00f3r\u00e1ig \u00e9s<\/li><li>14.00-19.00 \u00f3r\u00e1ig.<\/li><\/ul><p>Felh\u00edvjuk kedves betegink figyelm\u00e9t, 7.00 \u00f3ra \u00e9s 8.00 \u00f3ra, illetve 18.00 \u00f3ra \u00e9s 19.00 \u00f3ra k\u00f6z\u00f6tt a rendel\u0151k z\u00e1r\u00f3 fert\u0151tlen\u00edt\u00e9se zajlik.<\/p><p><br \/><strong>A rendel\u0151 orvosok neve:<\/strong><\/p><ul><li>dr. Klement Orsolya<\/li><li>dr. Kocsor Judit<\/li><li>dr. Hidasi Szilvia<\/li><li>dr. Moln\u00e1r Bogl\u00e1rka<\/li><\/ul><p><strong>Betegell\u00e1t\u00e1s ig\u00e9nybev\u00e9tel\u00e9nek felt\u00e9telei:<\/strong><br \/>Minden esetben (panasz eset\u00e9n is) telefonos id\u0151pont egyeztet\u00e9s sz\u00fcks\u00e9ges!<br \/>A vizsg\u00e1lathoz TAJ-k\u00e1rtya, lakc\u00edmk\u00e1rtya \u00e9s di\u00e1kigazolv\u00e1ny sz\u00fcks\u00e9ges!<br \/>A hat\u00e1lyos rendelet szerint maszkot visel\u00e9se k\u00f6telez\u0151, valamint a gyermekkel egy<br \/>k\u00eds\u00e9r\u0151 \u00e9rkezhet!<\/p><p><br \/><strong>Rendel\u00e9si id\u0151n k\u00edv\u00fcl \u00fcgyelet:<\/strong><br \/>K\u00f6zponti Stomatol\u00f3giai Int\u00e9zet, 1088 Budapest, Szentkir\u00e1lyi utca 40.<br \/>Telefonsz\u00e1m: 06-1-317-6600, 06-1-317-0951<br \/>Fog\u00e1szati s\u00fcrg\u0151ss\u00e9gi betegell\u00e1t\u00e1s (\u00fcgyelet): 20.00- 7.00 \u00f3r\u00e1ig.<br \/>Szombat, vas\u00e1rnap, munkasz\u00fcneti \u00e9s \u00fcnnepnapokon: 8.00-13.00 \u00f3r\u00e1ig 14.00-19.00 \u00f3r\u00e1ig.<\/p><p><br \/>7.00-8.00, 13.00-14.00, valamint 19.00-20.00 \u00f3ra k\u00f6z\u00f6tt a rendel\u0151k z\u00e1r\u00f3 fert\u0151tlen\u00edt\u00e9se<br \/>zajlik.<\/p>\t\t\t\t\t\t\t\t<\/div>\n\t\t\t\t<\/div>\n\t\t\t\t\t<\/div>\n\t\t<\/div>\n\t\t\t\t\t<\/div>\n\t\t<\/section>\n\t\t\t\t<\/div>\n\t\t","protected":false},"excerpt":{"rendered":"<p>A rendel\u0151 helysz\u00edne: 1077 Budapest, Hevesi S\u00e1ndor t\u00e9r 1.Telefonsz\u00e1m: 06-1-342 5991 Betegfogad\u00e1s rendje: Beutal\u00f3 sz\u00fcks\u00e9ges-e: NEM Az utols\u00f3 beteg fogad\u00e1s\u00e1nak id\u0151pontja: 18.00 \u00f3ra. Rendel\u00e9si id\u0151 munkanapokon: 8.00-13.00 \u00f3r\u00e1ig \u00e9s 14.00-19.00 \u00f3r\u00e1ig. Felh\u00edvjuk kedves betegink figyelm\u00e9t, 7.00 \u00f3ra \u00e9s 8.00 \u00f3ra, illetve 18.00 \u00f3ra \u00e9s 19.00 \u00f3ra k\u00f6z\u00f6tt a rendel\u0151k z\u00e1r\u00f3 fert\u0151tlen\u00edt\u00e9se zajlik. A rendel\u0151 orvosok neve: dr. Klement Orsolya dr. Kocsor Judit dr. Hidasi Szilvia dr. Moln\u00e1r Bogl\u00e1rka Betegell\u00e1t\u00e1s ig\u00e9nybev\u00e9tel\u00e9nek felt\u00e9telei:Minden esetben (panasz eset\u00e9n is) telefonos id\u0151pont egyeztet\u00e9s sz\u00fcks\u00e9ges!A vizsg\u00e1lathoz TAJ-k\u00e1rtya, lakc\u00edmk\u00e1rtya \u00e9s di\u00e1kigazolv\u00e1ny sz\u00fcks\u00e9ges!A hat\u00e1lyos rendelet szerint maszkot visel\u00e9se k\u00f6telez\u0151, valamint a gyermekkel egyk\u00eds\u00e9r\u0151 \u00e9rkezhet! Rendel\u00e9si id\u0151n k\u00edv\u00fcl \u00fcgyelet:K\u00f6zponti Stomatol\u00f3giai Int\u00e9zet, 1088 Budapest, Szentkir\u00e1lyi utca 40.Telefonsz\u00e1m: 06-1-317-6600, 06-1-317-0951Fog\u00e1szati s\u00fcrg\u0151ss\u00e9gi betegell\u00e1t\u00e1s (\u00fcgyelet): 20.00- 7.00 \u00f3r\u00e1ig.Szombat, vas\u00e1rnap, munkasz\u00fcneti \u00e9s \u00fcnnepnapokon: 8.00-13.00 \u00f3r\u00e1ig 14.00-19.00 \u00f3r\u00e1ig. 7.00-8.00, 13.00-14.00, valamint 19.00-20.00 \u00f3ra k\u00f6z\u00f6tt a rendel\u0151k z\u00e1r\u00f3 fert\u0151tlen\u00edt\u00e9sezajlik.<\/p>\n","protected":false},"author":2,"featured_media":0,"parent":0,"menu_order":0,"comment_status":"closed","ping_status":"closed","template":"","meta":{"footnotes":""},"class_list":["post-2981","page","type-page","status-publish","hentry"],"rttpg_featured_image_url":null,"rttpg_author":{"display_name":"krisztina","author_link":"https:\/\/bjhuman.hu\/index.php\/author\/krisztina\/"},"rttpg_comment":0,"rttpg_category":null,"rttpg_excerpt":"A rendel\u0151 helysz\u00edne: 1077 Budapest, Hevesi S\u00e1ndor t\u00e9r 1.Telefonsz\u00e1m: 06-1-342 5991 Betegfogad\u00e1s rendje: Beutal\u00f3 sz\u00fcks\u00e9ges-e: NEM Az utols\u00f3 beteg fogad\u00e1s\u00e1nak id\u0151pontja: 18.00 \u00f3ra. Rendel\u00e9si id\u0151 munkanapokon: 8.00-13.00 \u00f3r\u00e1ig \u00e9s 14.00-19.00 \u00f3r\u00e1ig. Felh\u00edvjuk kedves betegink figyelm\u00e9t, 7.00 \u00f3ra \u00e9s 8.00 \u00f3ra, illetve 18.00 \u00f3ra \u00e9s 19.00 \u00f3ra k\u00f6z\u00f6tt a rendel\u0151k z\u00e1r\u00f3 fert\u0151tlen\u00edt\u00e9se zajlik. A rendel\u0151 orvosok&hellip;","_links":{"self":[{"href":"https:\/\/bjhuman.hu\/index.php\/wp-json\/wp\/v2\/pages\/2981","targetHints":{"allow":["GET"]}}],"collection":[{"href":"https:\/\/bjhuman.hu\/index.php\/wp-json\/wp\/v2\/pages"}],"about":[{"href":"https:\/\/bjhuman.hu\/index.php\/wp-json\/wp\/v2\/types\/page"}],"author":[{"embeddable":true,"href":"https:\/\/bjhuman.hu\/index.php\/wp-json\/wp\/v2\/users\/2"}],"replies":[{"embeddable":true,"href":"https:\/\/bjhuman.hu\/index.php\/wp-json\/wp\/v2\/comments?post=2981"}],"version-history":[{"count":5,"href":"https:\/\/bjhuman.hu\/index.php\/wp-json\/wp\/v2\/pages\/2981\/revisions"}],"predecessor-version":[{"id":2993,"href":"https:\/\/bjhuman.hu\/index.php\/wp-json\/wp\/v2\/pages\/2981\/revisions\/2993"}],"wp:attachment":[{"href":"https:\/\/bjhuman.hu\/index.php\/wp-json\/wp\/v2\/media?parent=2981"}],"curies":[{"name":"wp","href":"https:\/\/api.w.org\/{rel}","templated":true}]}}

Gyermek- és ifjúsági fogászat általános tájékoztató

<div data-elementor-type="wp-page" data-elementor-id="2981" class="elementor elementor-2981">
						<section class="elementor-section elementor-top-section elementor-element elementor-element-1e96880 elementor-section-boxed elementor-section-height-default elementor-section-height-default wpr-particle-no wpr-jarallax-no wpr-parallax-no wpr-sticky-section-no wpr-equal-height-no" data-id="1e96880" data-element_type="section" data-e-type="section">
						<div class="elementor-container elementor-column-gap-default">
					<div class="elementor-column elementor-col-100 elementor-top-column elementor-element elementor-element-5ca8abf" data-id="5ca8abf" data-element_type="column" data-e-type="column">
			<div class="elementor-widget-wrap elementor-element-populated">
						<div class="elementor-element elementor-element-50cd7e2 elementor-widget elementor-widget-text-editor" data-id="50cd7e2" data-element_type="widget" data-e-type="widget" data-widget_type="text-editor.default">
				<div class="elementor-widget-container">
									<p><strong>A rendelő helyszíne:</strong> 1077 Budapest, Hevesi Sándor tér 1.<br /><strong>Telefonszám</strong>: 06-1-342 5991</p><p><br /><strong>Betegfogadás rendje:</strong></p><ul><li>Beutaló szükséges-e: NEM</li><li>Az utolsó beteg fogadásának időpontja: 18.00 óra.</li></ul><p><br /><strong>Rendelési idő munkanapokon:</strong></p><ul><li>8.00-13.00 óráig és</li><li>14.00-19.00 óráig.</li></ul><p>Felhívjuk kedves betegink figyelmét, 7.00 óra és 8.00 óra, illetve 18.00 óra és 19.00 óra között a rendelők záró fertőtlenítése zajlik.</p><p><br /><strong>A rendelő orvosok neve:</strong></p><ul><li>dr. Klement Orsolya</li><li>dr. Kocsor Judit</li><li>dr. Hidasi Szilvia</li><li>dr. Molnár Boglárka</li></ul><p><strong>Betegellátás igénybevételének feltételei:</strong><br />Minden esetben (panasz esetén is) telefonos időpont egyeztetés szükséges!<br />A vizsgálathoz TAJ-kártya, lakcímkártya és diákigazolvány szükséges!<br />A hatályos rendelet szerint maszkot viselése kötelező, valamint a gyermekkel egy<br />kísérő érkezhet!</p><p><br /><strong>Rendelési időn kívül ügyelet:</strong><br />Központi Stomatológiai Intézet, 1088 Budapest, Szentkirályi utca 40.<br />Telefonszám: 06-1-317-6600, 06-1-317-0951<br />Fogászati sürgősségi betegellátás (ügyelet): 20.00- 7.00 óráig.<br />Szombat, vasárnap, munkaszüneti és ünnepnapokon: 8.00-13.00 óráig 14.00-19.00 óráig.</p><p><br />7.00-8.00, 13.00-14.00, valamint 19.00-20.00 óra között a rendelők záró fertőtlenítése<br />zajlik.</p>								</div>
				</div>
					</div>
		</div>
					</div>
		</section>
				</div>

<p>A rendelő helyszíne: 1077 Budapest, Hevesi Sándor tér 1.Telefonszám: 06-1-342 5991 Betegfogadás rendje: Beutaló szükséges-e: NEM Az utolsó beteg fogadásának időpontja: 18.00 óra. Rendelési idő munkanapokon: 8.00-13.00 óráig és 14.00-19.00 óráig. Felhívjuk kedves betegink figyelmét, 7.00 óra és 8.00 óra, illetve 18.00 óra és 19.00 óra között a rendelők záró fertőtlenítése zajlik. A rendelő orvosok neve: dr. Klement Orsolya dr. Kocsor Judit dr. Hidasi Szilvia dr. Molnár Boglárka Betegellátás igénybevételének feltételei:Minden esetben (panasz esetén is) telefonos időpont egyeztetés szükséges!A vizsgálathoz TAJ-kártya, lakcímkártya és diákigazolvány szükséges!A hatályos rendelet szerint maszkot viselése kötelező, valamint a gyermekkel egykísérő érkezhet! Rendelési időn kívül ügyelet:Központi Stomatológiai Intézet, 1088 Budapest, Szentkirályi utca 40.Telefonszám: 06-1-317-6600, 06-1-317-0951Fogászati sürgősségi betegellátás (ügyelet): 20.00- 7.00 óráig.Szombat, vasárnap, munkaszüneti és ünnepnapokon: 8.00-13.00 óráig 14.00-19.00 óráig. 7.00-8.00, 13.00-14.00, valamint 19.00-20.00 óra között a rendelők záró fertőtlenítésezajlik.</p>

A rendelő helyszíne: 1077 Budapest, Hevesi Sándor tér 1.Telefonszám: 06-1-342 5991 Betegfogadás rendje: Beutaló szükséges-e: NEM Az utolsó beteg fogadásának időpontja: 18.00 óra. Rendelési idő munkanapokon: 8.00-13.00 óráig és 14.00-19.00 óráig. Felhívjuk kedves betegink figyelmét, 7.00 óra és 8.00 óra, illetve 18.00 óra és 19.00 óra között a rendelők záró fertőtlenítése zajlik. A rendelő orvosok&hellip;
