{"id":1139,"date":"2023-08-10T13:49:34","date_gmt":"2023-08-10T11:49:34","guid":{"rendered":"https:\/\/dev.bjhuman.hu\/?page_id=1139"},"modified":"2026-01-21T13:25:57","modified_gmt":"2026-01-21T11:25:57","slug":"otthoni-szakapolas","status":"publish","type":"page","link":"https:\/\/bjhuman.hu\/index.php\/otthoni-szakapolas\/","title":{"rendered":"Otthoni szak\u00e1pol\u00e1s"},"content":{"rendered":"\t\t<div data-elementor-type=\"wp-page\" data-elementor-id=\"1139\" class=\"elementor elementor-1139\">\n\t\t\t\t\t\t<section class=\"elementor-section elementor-top-section elementor-element elementor-element-f0bc836 elementor-section-boxed elementor-section-height-default elementor-section-height-default wpr-particle-no wpr-jarallax-no wpr-parallax-no wpr-sticky-section-no\" data-id=\"f0bc836\" data-element_type=\"section\" data-e-type=\"section\">\n\t\t\t\t\t\t<div class=\"elementor-container elementor-column-gap-default\">\n\t\t\t\t\t<div class=\"elementor-column elementor-col-100 elementor-top-column elementor-element elementor-element-256a6d5\" data-id=\"256a6d5\" data-element_type=\"column\" data-e-type=\"column\">\n\t\t\t<div class=\"elementor-widget-wrap elementor-element-populated\">\n\t\t\t\t\t\t<div class=\"elementor-element elementor-element-f160924 elementor-widget elementor-widget-text-editor\" data-id=\"f160924\" data-element_type=\"widget\" data-e-type=\"widget\" data-widget_type=\"text-editor.default\">\n\t\t\t\t<div class=\"elementor-widget-container\">\n\t\t\t\t\t\t\t\t\t<p>Az otthoni szak\u00e1pol\u00e1si szolg\u00e1ltat\u00e1s egyfajta \u201ek\u00f3rh\u00e1zi ell\u00e1t\u00e1st kiv\u00e1lt\u00f3\u201d, a beteg szakszer\u0171, saj\u00e1t otthon\u00e1ban &#8211; csal\u00e1dja k\u00f6r\u00e9ben &#8211; t\u00f6rt\u00e9n\u0151 \u00e1pol\u00e1s\u00e1t biztos\u00edt\u00f3 szolg\u00e1ltat\u00e1s, amit szakk\u00e9pzett eg\u00e9szs\u00e9g\u00fcgyi dolgoz\u00f3 v\u00e9gez.<\/p>\t\t\t\t\t\t\t\t<\/div>\n\t\t\t\t<\/div>\n\t\t\t\t\t<\/div>\n\t\t<\/div>\n\t\t\t\t\t<\/div>\n\t\t<\/section>\n\t\t\t\t<section class=\"elementor-section elementor-top-section elementor-element elementor-element-9f54963 elementor-section-boxed elementor-section-height-default elementor-section-height-default wpr-particle-no wpr-jarallax-no wpr-parallax-no wpr-sticky-section-no\" data-id=\"9f54963\" data-element_type=\"section\" data-e-type=\"section\">\n\t\t\t\t\t\t<div class=\"elementor-container elementor-column-gap-default\">\n\t\t\t\t\t<div class=\"elementor-column elementor-col-100 elementor-top-column elementor-element elementor-element-9f4e66f\" data-id=\"9f4e66f\" data-element_type=\"column\" data-e-type=\"column\">\n\t\t\t<div class=\"elementor-widget-wrap elementor-element-populated\">\n\t\t\t\t\t\t<div class=\"elementor-element elementor-element-7be68cf wpr-advanced-accordion-icon-side-box elementor-widget elementor-widget-wpr-advanced-accordion\" data-id=\"7be68cf\" data-element_type=\"widget\" data-e-type=\"widget\" data-settings=\"{&quot;active_item&quot;:1}\" data-widget_type=\"wpr-advanced-accordion.default\">\n\t\t\t\t<div class=\"elementor-widget-container\">\n\t\t\t\t\t\n            <div class=\"wpr-advanced-accordion\" data-accordion-type=\"accordion\" data-active-index=\"1\" data-accordion-trigger=\"click\" data-interaction-speed=\"0.4\">\n\n\t\t\t\n                \n\t\t\t\t\t<div class=\"wpr-accordion-item-wrap\">\n\t\t\t\t\t\t<button class=\"wpr-acc-button\">\n\t\t\t\t\t\t\t<span class=\"wpr-acc-item-title\">\n\t\t\t\t\t\t\t\t\t\t\t\t\t\t\t\t\t<div class=\"wpr-acc-icon-box\">\n\t\t\t\t\t\t\t\t\t\t\t\t\t\t<span class=\"wpr-title-icon\">\n\t\t\t\t\t<i aria-hidden=\"true\" class=\"fas fa-arrow-right\"><\/i>\t\t\t\t<\/span>\n\t\t\t\t\t\t\t\t\t\t\t\t<\/div>\n\t\t\t\t\t\t\t\t\n\t\t\t\t\t\t\t\t<span class=\"wpr-acc-title-text\">Milyen szolg\u00e1ltat\u00e1st ny\u00fajtunk?\t<\/span>\n\t\t\t\t\t\t\t<\/span>\n\t\t\t\t\t\t\t\t\t\t\t<span class=\"wpr-toggle-icon wpr-ti-close\"><i aria-hidden=\"true\" class=\"fas fa-plus\"><\/i><\/span>\n\t\t\t\t<span class=\"wpr-toggle-icon wpr-ti-open\"><i aria-hidden=\"true\" class=\"fas fa-minus\"><\/i><\/span>\n\t\t\t\t\t\t\t\t\t<\/button>\n\n\t\t\t\t\t\t<div class=\"wpr-acc-panel\">\n\t\t\t\t\t\t\t\t\t\t\t\t\t\t\t<div class=\"wpr-acc-panel-content\"><p>A kezel\u0151orvos az otthoni szak\u00e1pol\u00e1s szolg\u00e1ltat\u00e1s elrendel\u00e9sekor meghat\u00e1rozza a p\u00e1ciens eset\u00e9ben alkalmazand\u00f3 ell\u00e1t\u00e1s form\u00e1j\u00e1t,\u00a0melyek a 20\/1996. (VII. 26.) NM rendelet alapj\u00e1n a k\u00f6vetkez\u0151k lehetnek:<\/p><ul><li><strong>Szak\u00e1pol\u00e1si tev\u00e9kenys\u00e9g:<\/strong>\u00a0\u00e1pol\u00e1si feladatok illetve mobiliz\u00e1l\u00e1s (gy\u00f3gy\u00e1szati seg\u00e9deszk\u00f6z\u00f6k, prot\u00e9zisek, mozg\u00e1s \u00e9s mozgat\u00e1s eszk\u00f6zeinek haszn\u00e1lata, valamint a hely- \u00e9s helyzetv\u00e1ltoztat\u00e1s tan\u00edt\u00e1sa). Haldokl\u00f3 beteg szak\u00e1pol\u00e1sa hospice ell\u00e1t\u00e1sig.<\/li><li><strong>Szakir\u00e1ny\u00fa tev\u00e9kenys\u00e9g:<\/strong>\u00a0gy\u00f3gytorna<\/li><\/ul><p>Az otthoni szak\u00e1pol\u00e1s egyszerre legfeljebb 14 vizitre rendelhet\u0151 el. Az alkalmak gyakoris\u00e1g\u00e1t a kezel\u0151orvos jogosult meghat\u00e1rozni. A vizitek sz\u00e1ma ism\u00e9telt orvosi vizsg\u00e1lat alapj\u00e1n - \u00faj elrendel\u0151 lap kit\u00f6lt\u00e9s\u00e9vel - tov\u00e1bbi h\u00e1rom alkalommal megism\u00e9telhet\u0151. Egy napt\u00e1ri \u00e9ven bel\u00fcl \u00f6sszesen folyamatos \u00e1pol\u00e1st a kezel\u0151orvos 56 vizit m\u00e9rt\u00e9k\u00e9ig rendelhet el. Egyedi esetben, 56 viziten t\u00fal ell\u00e1t\u00e1s csak NEAK enged\u00e9ly alapj\u00e1n ny\u00fajthat\u00f3. Az otthoni szak\u00e1pol\u00e1s olyan szolg\u00e1ltat\u00e1s, amely egyszerre csal\u00e1dbar\u00e1t, tekintettel van a beteg \u00e1llapot\u00e1ra \u00e9s megk\u00f6nny\u00edti az ell\u00e1t\u00e1s esetleges neh\u00e9zs\u00e9geit.<\/p><\/div>\n\t\t\t\t\t\t\t\t\t\t\t\t\t<\/div>\n                    <\/div>\n\n                \n\t\t\t\t\t<div class=\"wpr-accordion-item-wrap\">\n\t\t\t\t\t\t<button class=\"wpr-acc-button\">\n\t\t\t\t\t\t\t<span class=\"wpr-acc-item-title\">\n\t\t\t\t\t\t\t\t\t\t\t\t\t\t\t\t\t<div class=\"wpr-acc-icon-box\">\n\t\t\t\t\t\t\t\t\t\t\t\t\t\t<span class=\"wpr-title-icon\">\n\t\t\t\t\t<i aria-hidden=\"true\" class=\"fas fa-arrow-right\"><\/i>\t\t\t\t<\/span>\n\t\t\t\t\t\t\t\t\t\t\t\t<\/div>\n\t\t\t\t\t\t\t\t\n\t\t\t\t\t\t\t\t<span class=\"wpr-acc-title-text\">Szolg\u00e1ltat\u00e1saink ig\u00e9nybev\u00e9tel\u00e9nek m\u00f3dja \u00e9s felt\u00e9telei<\/span>\n\t\t\t\t\t\t\t<\/span>\n\t\t\t\t\t\t\t\t\t\t\t<span class=\"wpr-toggle-icon wpr-ti-close\"><i aria-hidden=\"true\" class=\"fas fa-plus\"><\/i><\/span>\n\t\t\t\t<span class=\"wpr-toggle-icon wpr-ti-open\"><i aria-hidden=\"true\" class=\"fas fa-minus\"><\/i><\/span>\n\t\t\t\t\t\t\t\t\t<\/button>\n\n\t\t\t\t\t\t<div class=\"wpr-acc-panel\">\n\t\t\t\t\t\t\t\t\t\t\t\t\t\t\t<div class=\"wpr-acc-panel-content\"><p>A t\u00e9r\u00edt\u00e9smentes otthoni szak\u00e1pol\u00e1st elrendelheti a h\u00e1ziorvos saj\u00e1t kezdem\u00e9nyez\u00e9sre (szak\u00e1pol\u00e1s, mobiliz\u00e1l\u00e1s) vagy int\u00e9zeti\u00a0<strong>z\u00e1r\u00f3jelent\u00e9sben<\/strong>\u00a0jelzett javaslat alapj\u00e1n (gy\u00f3gytorna), az otthoni szak\u00e1pol\u00e1st ny\u00fajt\u00f3 szolg\u00e1ltat\u00f3n\u00e1l, amely a VII. ker\u00fcletben a Bischitz Johanna Integr\u00e1lt Hum\u00e1n Szolg\u00e1ltat\u00f3 K\u00f6zpont.<\/p><p>A szolg\u00e1lat csak VII. ker\u00fcleti lakost l\u00e1that el, \u00e9s fekv\u0151beteg ell\u00e1t\u00e1st ig\u00e9nyl\u0151 \u00e1llapotnak\u00a0<strong>fenn kell \u00e1llnia<\/strong>.<\/p><p>Tov\u00e1bb\u00e1 kit\u00e9tel, hogy a biztos\u00edtott m\u00e1s szolg\u00e1ltat\u00f3t\u00f3l \u201ek\u00f3rh\u00e1z-kiv\u00e1lt\u00f3\u201d \u00e9s int\u00e9zm\u00e9nyi ell\u00e1t\u00e1st nem vehet ig\u00e9nybe egyazon id\u0151ben.<\/p><p>El\u0151zetes konzult\u00e1ci\u00f3 ut\u00e1n a beavatkoz\u00e1sok elv\u00e9gz\u00e9s\u00e9hez id\u0151pont-egyeztet\u00e9s sz\u00fcks\u00e9ges. \u00a0\u00a0<\/p><\/div>\n\t\t\t\t\t\t\t\t\t\t\t\t\t<\/div>\n                    <\/div>\n\n                \n\t\t\t\t\t<div class=\"wpr-accordion-item-wrap\">\n\t\t\t\t\t\t<button class=\"wpr-acc-button\">\n\t\t\t\t\t\t\t<span class=\"wpr-acc-item-title\">\n\t\t\t\t\t\t\t\t\t\t\t\t\t\t\t\t\t<div class=\"wpr-acc-icon-box\">\n\t\t\t\t\t\t\t\t\t\t\t\t\t\t<span class=\"wpr-title-icon\">\n\t\t\t\t\t<i aria-hidden=\"true\" class=\"fas fa-arrow-right\"><\/i>\t\t\t\t<\/span>\n\t\t\t\t\t\t\t\t\t\t\t\t<\/div>\n\t\t\t\t\t\t\t\t\n\t\t\t\t\t\t\t\t<span class=\"wpr-acc-title-text\">Bejelentkez\u00e9s<\/span>\n\t\t\t\t\t\t\t<\/span>\n\t\t\t\t\t\t\t\t\t\t\t<span class=\"wpr-toggle-icon wpr-ti-close\"><i aria-hidden=\"true\" class=\"fas fa-plus\"><\/i><\/span>\n\t\t\t\t<span class=\"wpr-toggle-icon wpr-ti-open\"><i aria-hidden=\"true\" class=\"fas fa-minus\"><\/i><\/span>\n\t\t\t\t\t\t\t\t\t<\/button>\n\n\t\t\t\t\t\t<div class=\"wpr-acc-panel\">\n\t\t\t\t\t\t\t\t\t\t\t\t\t\t\t<div class=\"wpr-acc-panel-content\"><p>Az elrendel\u0151 h\u00e1ziorvos jelzi a Szolg\u00e1lat fel\u00e9 a szak\u00e1pol\u00e1si ig\u00e9nyt, melyet k\u00f6vet\u0151en munkat\u00e1rsaink veszik fel a kapcsolatot a beteggel vagy hozz\u00e1tartoz\u00f3j\u00e1val.<\/p><\/div>\n\t\t\t\t\t\t\t\t\t\t\t\t\t<\/div>\n                    <\/div>\n\n                            <\/div>\n        \t\t\t\t<\/div>\n\t\t\t\t<\/div>\n\t\t\t\t\t<\/div>\n\t\t<\/div>\n\t\t\t\t\t<\/div>\n\t\t<\/section>\n\t\t\t\t<section class=\"elementor-section elementor-top-section elementor-element elementor-element-6f90063 elementor-section-boxed elementor-section-height-default elementor-section-height-default wpr-particle-no wpr-jarallax-no wpr-parallax-no wpr-sticky-section-no\" data-id=\"6f90063\" data-element_type=\"section\" data-e-type=\"section\">\n\t\t\t\t\t\t<div class=\"elementor-container elementor-column-gap-default\">\n\t\t\t\t\t<div class=\"elementor-column elementor-col-100 elementor-top-column elementor-element elementor-element-8f0b9a9\" data-id=\"8f0b9a9\" data-element_type=\"column\" data-e-type=\"column\">\n\t\t\t<div class=\"elementor-widget-wrap elementor-element-populated\">\n\t\t\t\t\t\t<div class=\"elementor-element elementor-element-d2ca106 elementor-widget elementor-widget-text-editor\" data-id=\"d2ca106\" data-element_type=\"widget\" data-e-type=\"widget\" data-widget_type=\"text-editor.default\">\n\t\t\t\t<div class=\"elementor-widget-container\">\n\t\t\t\t\t\t\t\t\t<p>El\u00e9rhet\u0151s\u00e9gek:<\/p>\t\t\t\t\t\t\t\t<\/div>\n\t\t\t\t<\/div>\n\t\t\t\t\t<\/div>\n\t\t<\/div>\n\t\t\t\t\t<\/div>\n\t\t<\/section>\n\t\t\t\t<section class=\"elementor-section elementor-top-section elementor-element elementor-element-99319d0 elementor-section-boxed elementor-section-height-default elementor-section-height-default wpr-particle-no wpr-jarallax-no wpr-parallax-no wpr-sticky-section-no\" data-id=\"99319d0\" data-element_type=\"section\" data-e-type=\"section\">\n\t\t\t\t\t\t<div class=\"elementor-container elementor-column-gap-default\">\n\t\t\t\t\t<div class=\"elementor-column elementor-col-100 elementor-top-column elementor-element elementor-element-66cf24e\" data-id=\"66cf24e\" data-element_type=\"column\" data-e-type=\"column\">\n\t\t\t<div class=\"elementor-widget-wrap elementor-element-populated\">\n\t\t\t\t\t\t<div class=\"elementor-element elementor-element-0fc9afe elementor-icon-list--layout-traditional elementor-list-item-link-full_width elementor-widget elementor-widget-icon-list\" data-id=\"0fc9afe\" data-element_type=\"widget\" data-e-type=\"widget\" data-widget_type=\"icon-list.default\">\n\t\t\t\t<div class=\"elementor-widget-container\">\n\t\t\t\t\t\t\t<ul class=\"elementor-icon-list-items\">\n\t\t\t\t\t\t\t<li class=\"elementor-icon-list-item\">\n\t\t\t\t\t\t\t\t\t\t\t<span class=\"elementor-icon-list-icon\">\n\t\t\t\t\t\t\t<i aria-hidden=\"true\" class=\"fas fa-map-marker-alt\"><\/i>\t\t\t\t\t\t<\/span>\n\t\t\t\t\t\t\t\t\t\t<span class=\"elementor-icon-list-text\">1071 Budapest, D\u00f3zsa Gy\u00f6rgy \u00fat 46.<\/span>\n\t\t\t\t\t\t\t\t\t<\/li>\n\t\t\t\t\t\t\t\t<li class=\"elementor-icon-list-item\">\n\t\t\t\t\t\t\t\t\t\t\t<span class=\"elementor-icon-list-icon\">\n\t\t\t\t\t\t\t<i aria-hidden=\"true\" class=\"fas fa-phone-alt\"><\/i>\t\t\t\t\t\t<\/span>\n\t\t\t\t\t\t\t\t\t\t<span class=\"elementor-icon-list-text\">+36 30 417 11 46<\/span>\n\t\t\t\t\t\t\t\t\t<\/li>\n\t\t\t\t\t\t\t\t<li class=\"elementor-icon-list-item\">\n\t\t\t\t\t\t\t\t\t\t\t<span class=\"elementor-icon-list-icon\">\n\t\t\t\t\t\t\t<i aria-hidden=\"true\" class=\"fas fa-envelope\"><\/i>\t\t\t\t\t\t<\/span>\n\t\t\t\t\t\t\t\t\t\t<span class=\"elementor-icon-list-text\">otthoni.szakapolas@bjhuman.hu<\/span>\n\t\t\t\t\t\t\t\t\t<\/li>\n\t\t\t\t\t\t<\/ul>\n\t\t\t\t\t\t<\/div>\n\t\t\t\t<\/div>\n\t\t\t\t\t<\/div>\n\t\t<\/div>\n\t\t\t\t\t<\/div>\n\t\t<\/section>\n\t\t\t\t<section class=\"elementor-section elementor-top-section elementor-element elementor-element-62e194b elementor-section-boxed elementor-section-height-default elementor-section-height-default wpr-particle-no wpr-jarallax-no wpr-parallax-no wpr-sticky-section-no\" data-id=\"62e194b\" data-element_type=\"section\" data-e-type=\"section\">\n\t\t\t\t\t\t<div class=\"elementor-container elementor-column-gap-default\">\n\t\t\t\t\t<div class=\"elementor-column elementor-col-100 elementor-top-column elementor-element elementor-element-75575b2\" data-id=\"75575b2\" data-element_type=\"column\" data-e-type=\"column\">\n\t\t\t<div class=\"elementor-widget-wrap elementor-element-populated\">\n\t\t\t\t\t\t<div class=\"elementor-element elementor-element-6750835 elementor-widget elementor-widget-google_maps\" data-id=\"6750835\" data-element_type=\"widget\" data-e-type=\"widget\" data-widget_type=\"google_maps.default\">\n\t\t\t\t<div class=\"elementor-widget-container\">\n\t\t\t\t\t\t\t<div class=\"elementor-custom-embed\">\n\t\t\t<iframe loading=\"lazy\"\n\t\t\t\t\tsrc=\"https:\/\/maps.google.com\/maps?q=1071%20Budapest%2C%20D%C3%B3zsa%20Gy%C3%B6rgy%20%C3%BAt%2046.&#038;t=m&#038;z=16&#038;output=embed&#038;iwloc=near\"\n\t\t\t\t\ttitle=\"1071 Budapest, D\u00f3zsa Gy\u00f6rgy \u00fat 46.\"\n\t\t\t\t\taria-label=\"1071 Budapest, D\u00f3zsa Gy\u00f6rgy \u00fat 46.\"\n\t\t\t><\/iframe>\n\t\t<\/div>\n\t\t\t\t\t\t<\/div>\n\t\t\t\t<\/div>\n\t\t\t\t\t<\/div>\n\t\t<\/div>\n\t\t\t\t\t<\/div>\n\t\t<\/section>\n\t\t\t\t<\/div>\n\t\t","protected":false},"excerpt":{"rendered":"<p>Az otthoni szak\u00e1pol\u00e1si szolg\u00e1ltat\u00e1s egyfajta \u201ek\u00f3rh\u00e1zi ell\u00e1t\u00e1st kiv\u00e1lt\u00f3\u201d, a beteg szakszer\u0171, saj\u00e1t otthon\u00e1ban &#8211; csal\u00e1dja k\u00f6r\u00e9ben &#8211; t\u00f6rt\u00e9n\u0151 \u00e1pol\u00e1s\u00e1t biztos\u00edt\u00f3 szolg\u00e1ltat\u00e1s, amit szakk\u00e9pzett eg\u00e9szs\u00e9g\u00fcgyi dolgoz\u00f3 v\u00e9gez. Milyen szolg\u00e1ltat\u00e1st ny\u00fajtunk? A kezel\u0151orvos az otthoni szak\u00e1pol\u00e1s szolg\u00e1ltat\u00e1s elrendel\u00e9sekor meghat\u00e1rozza a p\u00e1ciens eset\u00e9ben alkalmazand\u00f3 ell\u00e1t\u00e1s form\u00e1j\u00e1t,\u00a0melyek a 20\/1996. (VII. 26.) NM rendelet alapj\u00e1n a k\u00f6vetkez\u0151k lehetnek: Szak\u00e1pol\u00e1si tev\u00e9kenys\u00e9g:\u00a0\u00e1pol\u00e1si feladatok illetve mobiliz\u00e1l\u00e1s (gy\u00f3gy\u00e1szati seg\u00e9deszk\u00f6z\u00f6k, prot\u00e9zisek, mozg\u00e1s \u00e9s mozgat\u00e1s eszk\u00f6zeinek haszn\u00e1lata, valamint a hely- \u00e9s helyzetv\u00e1ltoztat\u00e1s tan\u00edt\u00e1sa). Haldokl\u00f3 beteg szak\u00e1pol\u00e1sa hospice ell\u00e1t\u00e1sig. Szakir\u00e1ny\u00fa tev\u00e9kenys\u00e9g:\u00a0gy\u00f3gytorna Az otthoni szak\u00e1pol\u00e1s egyszerre legfeljebb 14 vizitre rendelhet\u0151 el. Az alkalmak gyakoris\u00e1g\u00e1t a kezel\u0151orvos jogosult meghat\u00e1rozni. A vizitek sz\u00e1ma ism\u00e9telt orvosi vizsg\u00e1lat alapj\u00e1n &#8211; \u00faj elrendel\u0151 lap kit\u00f6lt\u00e9s\u00e9vel &#8211; tov\u00e1bbi h\u00e1rom alkalommal megism\u00e9telhet\u0151. Egy napt\u00e1ri \u00e9ven bel\u00fcl \u00f6sszesen folyamatos \u00e1pol\u00e1st a kezel\u0151orvos 56 vizit m\u00e9rt\u00e9k\u00e9ig rendelhet el. Egyedi esetben, 56 viziten t\u00fal ell\u00e1t\u00e1s csak NEAK enged\u00e9ly alapj\u00e1n ny\u00fajthat\u00f3. Az otthoni szak\u00e1pol\u00e1s olyan szolg\u00e1ltat\u00e1s, amely egyszerre csal\u00e1dbar\u00e1t, tekintettel van a beteg \u00e1llapot\u00e1ra \u00e9s megk\u00f6nny\u00edti az ell\u00e1t\u00e1s esetleges neh\u00e9zs\u00e9geit. Szolg\u00e1ltat\u00e1saink ig\u00e9nybev\u00e9tel\u00e9nek m\u00f3dja \u00e9s felt\u00e9telei A t\u00e9r\u00edt\u00e9smentes otthoni szak\u00e1pol\u00e1st elrendelheti a h\u00e1ziorvos saj\u00e1t kezdem\u00e9nyez\u00e9sre (szak\u00e1pol\u00e1s, mobiliz\u00e1l\u00e1s) vagy int\u00e9zeti\u00a0z\u00e1r\u00f3jelent\u00e9sben\u00a0jelzett javaslat alapj\u00e1n (gy\u00f3gytorna), az otthoni szak\u00e1pol\u00e1st ny\u00fajt\u00f3 szolg\u00e1ltat\u00f3n\u00e1l, amely a VII. ker\u00fcletben a Bischitz Johanna Integr\u00e1lt Hum\u00e1n Szolg\u00e1ltat\u00f3 K\u00f6zpont. A szolg\u00e1lat csak VII. ker\u00fcleti lakost l\u00e1that el, \u00e9s fekv\u0151beteg ell\u00e1t\u00e1st ig\u00e9nyl\u0151 \u00e1llapotnak\u00a0fenn kell \u00e1llnia. Tov\u00e1bb\u00e1 kit\u00e9tel, hogy a biztos\u00edtott m\u00e1s szolg\u00e1ltat\u00f3t\u00f3l \u201ek\u00f3rh\u00e1z-kiv\u00e1lt\u00f3\u201d \u00e9s int\u00e9zm\u00e9nyi ell\u00e1t\u00e1st nem vehet ig\u00e9nybe egyazon id\u0151ben. El\u0151zetes konzult\u00e1ci\u00f3 ut\u00e1n a beavatkoz\u00e1sok elv\u00e9gz\u00e9s\u00e9hez id\u0151pont-egyeztet\u00e9s sz\u00fcks\u00e9ges. \u00a0\u00a0 Bejelentkez\u00e9s Az elrendel\u0151 h\u00e1ziorvos jelzi a Szolg\u00e1lat fel\u00e9 a szak\u00e1pol\u00e1si ig\u00e9nyt, melyet k\u00f6vet\u0151en munkat\u00e1rsaink veszik fel a kapcsolatot a beteggel vagy hozz\u00e1tartoz\u00f3j\u00e1val. El\u00e9rhet\u0151s\u00e9gek: 1071 Budapest, D\u00f3zsa Gy\u00f6rgy \u00fat 46. +36 30 417 11 46 otthoni.szakapolas@bjhuman.hu<\/p>\n","protected":false},"author":2,"featured_media":0,"parent":0,"menu_order":0,"comment_status":"closed","ping_status":"closed","template":"","meta":{"footnotes":""},"class_list":["post-1139","page","type-page","status-publish","hentry"],"rttpg_featured_image_url":null,"rttpg_author":{"display_name":"krisztina","author_link":"https:\/\/bjhuman.hu\/index.php\/author\/krisztina\/"},"rttpg_comment":0,"rttpg_category":null,"rttpg_excerpt":"Az otthoni szak\u00e1pol\u00e1si szolg\u00e1ltat\u00e1s egyfajta \u201ek\u00f3rh\u00e1zi ell\u00e1t\u00e1st kiv\u00e1lt\u00f3\u201d, a beteg szakszer\u0171, saj\u00e1t otthon\u00e1ban &#8211; csal\u00e1dja k\u00f6r\u00e9ben &#8211; t\u00f6rt\u00e9n\u0151 \u00e1pol\u00e1s\u00e1t biztos\u00edt\u00f3 szolg\u00e1ltat\u00e1s, amit szakk\u00e9pzett eg\u00e9szs\u00e9g\u00fcgyi dolgoz\u00f3 v\u00e9gez. Milyen szolg\u00e1ltat\u00e1st ny\u00fajtunk? A kezel\u0151orvos az otthoni szak\u00e1pol\u00e1s szolg\u00e1ltat\u00e1s elrendel\u00e9sekor meghat\u00e1rozza a p\u00e1ciens eset\u00e9ben alkalmazand\u00f3 ell\u00e1t\u00e1s form\u00e1j\u00e1t,\u00a0melyek a 20\/1996. (VII. 26.) NM rendelet alapj\u00e1n a k\u00f6vetkez\u0151k lehetnek: Szak\u00e1pol\u00e1si tev\u00e9kenys\u00e9g:\u00a0\u00e1pol\u00e1si&hellip;","_links":{"self":[{"href":"https:\/\/bjhuman.hu\/index.php\/wp-json\/wp\/v2\/pages\/1139","targetHints":{"allow":["GET"]}}],"collection":[{"href":"https:\/\/bjhuman.hu\/index.php\/wp-json\/wp\/v2\/pages"}],"about":[{"href":"https:\/\/bjhuman.hu\/index.php\/wp-json\/wp\/v2\/types\/page"}],"author":[{"embeddable":true,"href":"https:\/\/bjhuman.hu\/index.php\/wp-json\/wp\/v2\/users\/2"}],"replies":[{"embeddable":true,"href":"https:\/\/bjhuman.hu\/index.php\/wp-json\/wp\/v2\/comments?post=1139"}],"version-history":[{"count":22,"href":"https:\/\/bjhuman.hu\/index.php\/wp-json\/wp\/v2\/pages\/1139\/revisions"}],"predecessor-version":[{"id":12896,"href":"https:\/\/bjhuman.hu\/index.php\/wp-json\/wp\/v2\/pages\/1139\/revisions\/12896"}],"wp:attachment":[{"href":"https:\/\/bjhuman.hu\/index.php\/wp-json\/wp\/v2\/media?parent=1139"}],"curies":[{"name":"wp","href":"https:\/\/api.w.org\/{rel}","templated":true}]}}