{"id":1101,"date":"2023-08-10T12:40:03","date_gmt":"2023-08-10T10:40:03","guid":{"rendered":"https:\/\/dev.bjhuman.hu\/?page_id=1101"},"modified":"2026-03-10T15:24:14","modified_gmt":"2026-03-10T13:24:14","slug":"fogyatekossagugyi-tanacsadas","status":"publish","type":"page","link":"https:\/\/bjhuman.hu\/index.php\/fogyatekossagugyi-tanacsadas\/","title":{"rendered":"Fogyat\u00e9koss\u00e1g\u00fcgyi tan\u00e1csad\u00e1s"},"content":{"rendered":"\t\t<div data-elementor-type=\"wp-page\" data-elementor-id=\"1101\" class=\"elementor elementor-1101\">\n\t\t\t\t\t\t<section class=\"elementor-section elementor-top-section elementor-element elementor-element-c3e0d52 elementor-section-boxed elementor-section-height-default elementor-section-height-default wpr-particle-no wpr-jarallax-no wpr-parallax-no wpr-sticky-section-no\" data-id=\"c3e0d52\" data-element_type=\"section\" data-e-type=\"section\">\n\t\t\t\t\t\t<div class=\"elementor-container elementor-column-gap-default\">\n\t\t\t\t\t<div class=\"elementor-column elementor-col-100 elementor-top-column elementor-element elementor-element-7064b6e\" data-id=\"7064b6e\" data-element_type=\"column\" data-e-type=\"column\">\n\t\t\t<div class=\"elementor-widget-wrap elementor-element-populated\">\n\t\t\t\t\t\t<div class=\"elementor-element elementor-element-15c1d14 elementor-widget elementor-widget-text-editor\" data-id=\"15c1d14\" data-element_type=\"widget\" data-e-type=\"widget\" data-widget_type=\"text-editor.default\">\n\t\t\t\t<div class=\"elementor-widget-container\">\n\t\t\t\t\t\t\t\t\t<p>2022-ben megkezdt\u00fck fogyat\u00e9koss\u00e1g\u00fcgyi tan\u00e1csad\u00f3i tev\u00e9kenys\u00e9g\u00fcnket a VII. Ker\u00fcleti Csal\u00e1d- \u00e9s Gyermekj\u00f3l\u00e9ti K\u00f6zpontban.<\/p><p>Munk\u00e1nk sor\u00e1n tan\u00e1csad\u00e1st biztos\u00edtunk a fogyat\u00e9kos szem\u00e9lyek (l\u00e1t\u00e1ss\u00e9r\u00fclt, hall\u00e1ss\u00e9r\u00fclt, mozg\u00e1ss\u00e9r\u00fclt, autista, besz\u00e9dfogyat\u00e9kos, \u00e9rtelmi fogyat\u00e9kos, pszichoszoci\u00e1lis fogyat\u00e9kos) \u00e9s csal\u00e1dtagjaik \u00a0sz\u00e1m\u00e1ra az al\u00e1bbiakban:<\/p><ul><li>Inform\u00e1ci\u00f3 ny\u00fajt\u00e1sa a k\u00f6zszolg\u00e1ltat\u00e1sok b\u00e1rmely ter\u00fclet\u00e9r\u0151l<\/li><li>T\u00e1j\u00e9koztat\u00e1s a helyi szint\u0171 szolg\u00e1ltat\u00e1sokr\u00f3l, ell\u00e1t\u00e1sokr\u00f3l, int\u00e9zm\u00e9nyekr\u0151l<\/li><li>Seg\u00edts\u00e9g ny\u00fajt\u00e1sa helyi szakemberek keres\u00e9s\u00e9ben<\/li><li>Sz\u00fcks\u00e9g eset\u00e9n seg\u00edts\u00e9g a Csal\u00e1d \u00e9s Gyermekj\u00f3l\u00e9ti K\u00f6zpont t\u00f6bbi szolg\u00e1ltat\u00e1sa fel\u00e9.<\/li><li>Munkaer\u0151-piaci szolg\u00e1ltat\u00e1sokkal kapcsolatos t\u00e1j\u00e9koztat\u00e1s megv\u00e1ltozott munkak\u00e9pess\u00e9g\u0171 munkav\u00e1llal\u00f3knak<\/li><li>T\u00e1j\u00e9koztat\u00e1s a seg\u00e9deszk\u00f6z\u00f6k beszerz\u00e9si lehet\u0151s\u00e9geir\u0151l.<\/li><li>K\u00f6zrem\u0171k\u00f6d\u00e9s fogyat\u00e9koss\u00e1ggal \u00f6sszef\u00fcgg\u00e9sben hivatalos \u00fcgyek int\u00e9z\u00e9s\u00e9ben.<\/li><li>Egy\u00e9nek \u00e9s csal\u00e1dok \u00f6n\u00e1ll\u00f3 \u00e9letvezet\u00e9si k\u00e9pess\u00e9g\u00e9nek meg\u0151rz\u00e9se, fenn\u00e1ll\u00f3 probl\u00e9m\u00e1k kezel\u00e9se.<\/li><li>Rendszerszeml\u00e9let\u0171, komplex szoci\u00e1lis seg\u00edt\u0151 tev\u00e9kenys\u00e9g ny\u00fajt\u00e1sa.<\/li><li>Ig\u00e9ny eset\u00e9n hozz\u00e1tartoz\u00f3i csoportok szervez\u00e9se, vezet\u00e9se.<\/li><\/ul><p>A fogyat\u00e9koss\u00e1g\u00fcgyi tan\u00e1csad\u00f3ink ter\u00fcleti illet\u00e9kess\u00e9ge: \u00a0Budapest IV., V., VI., VII., VIII., IX., X., XIII., XIV., XV., XVI., XIX. ker\u00fcletei.<\/p><p>M\u00e1s ter\u00fcleten \u00e9l\u0151k sz\u00e1m\u00e1ra inf\u00f3k: <a href=\"https:\/\/www.efiportal.hu\/a-projekt-szolgaltatasai\/fogyatekossagugyi-tanacsadoi-halozat\/\">https:\/\/www.efiportal.hu\/a-projekt-szolgaltatasai\/fogyatekossagugyi-tanacsadoi-halozat\/<\/a><\/p><p>Kihelyezett fogad\u00f3 \u00f3r\u00e1kat biztos\u00edtunk jelenleg havi egy alkalommal: V. ker\u00fcletben, VIII. ker\u00fcletben, IX. ker\u00fcletben, X. ker\u00fcletben, XIII. ker\u00fcletben, XIV. ker\u00fcletben, XV. ker\u00fcletben, XVI. ker\u00fcletben.<\/p><p>Pontos helysz\u00ednekr\u0151l, id\u0151pontokr\u00f3l \u00e9rdekl\u0151djenek a tan\u00e1csad\u00f3kn\u00e1l.<\/p><p><strong>El\u00e9rhet\u0151s\u00e9gek:<\/strong><\/p><ul><li>Telephely: 1073 Budapest Kert\u00e9sz u. 20.<\/li><li>Telefon: +36 1 322 0272<\/li><\/ul><p>\u00d6nseg\u00edt\u0151 csoportjainkba a F\u0151v\u00e1ros eg\u00e9sz ter\u00fclet\u00e9r\u0151l v\u00e1rjuk az \u00e9rdekl\u0151d\u0151ket:<\/p><ul><li>Egy\u00fctt-L\u00c9T csoport: demens betegek hozz\u00e1tartoz\u00f3i csoportja, minden h\u00f3nap 2. p\u00e9ntek\u00e9n<\/li><li>SM Harcosok klubja: SM betegek \u00f6nseg\u00edt\u0151 csoportja, minden h\u00f3nap 3. h\u00e9tf\u0151j\u00e9n<\/li><\/ul><p>A csoportokba el\u0151zetes regisztr\u00e1ci\u00f3 sz\u00fcks\u00e9ges +36 30\u00a0788 55 14; vagy <a href=\"mailto:frecska.vera@bjhuman.hu\">frecska.vera@bjhuman.hu<\/a> el\u00e9rhet\u0151s\u00e9geken. \u00a0<\/p>\t\t\t\t\t\t\t\t<\/div>\n\t\t\t\t<\/div>\n\t\t\t\t\t<\/div>\n\t\t<\/div>\n\t\t\t\t\t<\/div>\n\t\t<\/section>\n\t\t\t\t<section class=\"elementor-section elementor-top-section elementor-element elementor-element-803d00a elementor-section-boxed elementor-section-height-default elementor-section-height-default wpr-particle-no wpr-jarallax-no wpr-parallax-no wpr-sticky-section-no\" data-id=\"803d00a\" data-element_type=\"section\" data-e-type=\"section\">\n\t\t\t\t\t\t<div class=\"elementor-container elementor-column-gap-default\">\n\t\t\t\t\t<div class=\"elementor-column elementor-col-100 elementor-top-column elementor-element elementor-element-f3a3f68\" data-id=\"f3a3f68\" data-element_type=\"column\" data-e-type=\"column\">\n\t\t\t<div class=\"elementor-widget-wrap elementor-element-populated\">\n\t\t\t\t\t\t<div class=\"elementor-element elementor-element-7a3aba1 elementor-widget elementor-widget-text-editor\" data-id=\"7a3aba1\" data-element_type=\"widget\" data-e-type=\"widget\" data-widget_type=\"text-editor.default\">\n\t\t\t\t<div class=\"elementor-widget-container\">\n\t\t\t\t\t\t\t\t\t<p><strong>El\u00e9rhet\u0151s\u00e9gek:<\/strong><\/p>\t\t\t\t\t\t\t\t<\/div>\n\t\t\t\t<\/div>\n\t\t\t\t\t<\/div>\n\t\t<\/div>\n\t\t\t\t\t<\/div>\n\t\t<\/section>\n\t\t\t\t<section class=\"elementor-section elementor-top-section elementor-element elementor-element-27e2d06 elementor-section-boxed elementor-section-height-default elementor-section-height-default wpr-particle-no wpr-jarallax-no wpr-parallax-no wpr-sticky-section-no\" data-id=\"27e2d06\" data-element_type=\"section\" data-e-type=\"section\">\n\t\t\t\t\t\t<div class=\"elementor-container elementor-column-gap-default\">\n\t\t\t\t\t<div class=\"elementor-column elementor-col-100 elementor-top-column elementor-element elementor-element-4bbf67e\" data-id=\"4bbf67e\" data-element_type=\"column\" data-e-type=\"column\">\n\t\t\t<div class=\"elementor-widget-wrap elementor-element-populated\">\n\t\t\t\t\t\t<div class=\"elementor-element elementor-element-5c42327 elementor-icon-list--layout-traditional elementor-list-item-link-full_width elementor-widget elementor-widget-icon-list\" data-id=\"5c42327\" data-element_type=\"widget\" data-e-type=\"widget\" data-widget_type=\"icon-list.default\">\n\t\t\t\t<div class=\"elementor-widget-container\">\n\t\t\t\t\t\t\t<ul class=\"elementor-icon-list-items\">\n\t\t\t\t\t\t\t<li class=\"elementor-icon-list-item\">\n\t\t\t\t\t\t\t\t\t\t<span class=\"elementor-icon-list-text\">Fogyat\u00e9koss\u00e1g\u00fcgyi tan\u00e1csad\u00f3k: <br>Frecska Vera: <span style=\"font-size: inherit\">06 30 788 55 14 ; <\/span><a href=\"mailto:frecska.vera@bjhuman.hu\" style=\"font-family: Montserrat, sans-serif\">frecska.vera@bjhuman.hu<\/a><br><span style=\"font-size: inherit\">Fogarasi Krisztina&nbsp; 06 30&nbsp;167 66 16;&nbsp;<\/span><a href=\"mailto:fogarasi.krisztina@bjhuman.hu\" style=\"font-family: Montserrat, sans-serif\">fogarasi.krisztina@bjhuman.hu<\/a><\/span>\n\t\t\t\t\t\t\t\t\t<\/li>\n\t\t\t\t\t\t\t\t<li class=\"elementor-icon-list-item\">\n\t\t\t\t\t\t\t\t\t\t\t<span class=\"elementor-icon-list-icon\">\n\t\t\t\t\t\t\t<i aria-hidden=\"true\" class=\"fas fa-phone-alt\"><\/i>\t\t\t\t\t\t<\/span>\n\t\t\t\t\t\t\t\t\t\t<span class=\"elementor-icon-list-text\">+36 1 322 02 72<\/span>\n\t\t\t\t\t\t\t\t\t<\/li>\n\t\t\t\t\t\t\t\t<li class=\"elementor-icon-list-item\">\n\t\t\t\t\t\t\t\t\t\t\t<span class=\"elementor-icon-list-icon\">\n\t\t\t\t\t\t\t<i aria-hidden=\"true\" class=\"fas fa-map-marker-alt\"><\/i>\t\t\t\t\t\t<\/span>\n\t\t\t\t\t\t\t\t\t\t<span class=\"elementor-icon-list-text\">1074 Bp., Hutyra Ferenc utca 11-15.<\/span>\n\t\t\t\t\t\t\t\t\t<\/li>\n\t\t\t\t\t\t<\/ul>\n\t\t\t\t\t\t<\/div>\n\t\t\t\t<\/div>\n\t\t\t\t\t<\/div>\n\t\t<\/div>\n\t\t\t\t\t<\/div>\n\t\t<\/section>\n\t\t\t\t<section class=\"elementor-section elementor-top-section elementor-element elementor-element-ca6431e elementor-section-boxed elementor-section-height-default elementor-section-height-default wpr-particle-no wpr-jarallax-no wpr-parallax-no wpr-sticky-section-no\" data-id=\"ca6431e\" data-element_type=\"section\" data-e-type=\"section\">\n\t\t\t\t\t\t<div class=\"elementor-container elementor-column-gap-default\">\n\t\t\t\t\t<div class=\"elementor-column elementor-col-100 elementor-top-column elementor-element elementor-element-8a070c2\" data-id=\"8a070c2\" data-element_type=\"column\" data-e-type=\"column\">\n\t\t\t<div class=\"elementor-widget-wrap elementor-element-populated\">\n\t\t\t\t\t\t<div class=\"elementor-element elementor-element-6ac32a5 elementor-widget elementor-widget-google_maps\" data-id=\"6ac32a5\" data-element_type=\"widget\" data-e-type=\"widget\" data-widget_type=\"google_maps.default\">\n\t\t\t\t<div class=\"elementor-widget-container\">\n\t\t\t\t\t\t\t<div class=\"elementor-custom-embed\">\n\t\t\t<iframe loading=\"lazy\"\n\t\t\t\t\tsrc=\"https:\/\/maps.google.com\/maps?q=1074%20Bp.%2C%20Hutyra%20Ferenc%20utca%2011-15.&#038;t=m&#038;z=16&#038;output=embed&#038;iwloc=near\"\n\t\t\t\t\ttitle=\"1074 Bp., Hutyra Ferenc utca 11-15.\"\n\t\t\t\t\taria-label=\"1074 Bp., Hutyra Ferenc utca 11-15.\"\n\t\t\t><\/iframe>\n\t\t<\/div>\n\t\t\t\t\t\t<\/div>\n\t\t\t\t<\/div>\n\t\t\t\t\t<\/div>\n\t\t<\/div>\n\t\t\t\t\t<\/div>\n\t\t<\/section>\n\t\t\t\t<\/div>\n\t\t","protected":false},"excerpt":{"rendered":"<p>2022-ben megkezdt\u00fck fogyat\u00e9koss\u00e1g\u00fcgyi tan\u00e1csad\u00f3i tev\u00e9kenys\u00e9g\u00fcnket a VII. Ker\u00fcleti Csal\u00e1d- \u00e9s Gyermekj\u00f3l\u00e9ti K\u00f6zpontban. Munk\u00e1nk sor\u00e1n tan\u00e1csad\u00e1st biztos\u00edtunk a fogyat\u00e9kos szem\u00e9lyek (l\u00e1t\u00e1ss\u00e9r\u00fclt, hall\u00e1ss\u00e9r\u00fclt, mozg\u00e1ss\u00e9r\u00fclt, autista, besz\u00e9dfogyat\u00e9kos, \u00e9rtelmi fogyat\u00e9kos, pszichoszoci\u00e1lis fogyat\u00e9kos) \u00e9s csal\u00e1dtagjaik \u00a0sz\u00e1m\u00e1ra az al\u00e1bbiakban: Inform\u00e1ci\u00f3 ny\u00fajt\u00e1sa a k\u00f6zszolg\u00e1ltat\u00e1sok b\u00e1rmely ter\u00fclet\u00e9r\u0151l T\u00e1j\u00e9koztat\u00e1s a helyi szint\u0171 szolg\u00e1ltat\u00e1sokr\u00f3l, ell\u00e1t\u00e1sokr\u00f3l, int\u00e9zm\u00e9nyekr\u0151l Seg\u00edts\u00e9g ny\u00fajt\u00e1sa helyi szakemberek keres\u00e9s\u00e9ben Sz\u00fcks\u00e9g eset\u00e9n seg\u00edts\u00e9g a Csal\u00e1d \u00e9s Gyermekj\u00f3l\u00e9ti K\u00f6zpont t\u00f6bbi szolg\u00e1ltat\u00e1sa fel\u00e9. Munkaer\u0151-piaci szolg\u00e1ltat\u00e1sokkal kapcsolatos t\u00e1j\u00e9koztat\u00e1s megv\u00e1ltozott munkak\u00e9pess\u00e9g\u0171 munkav\u00e1llal\u00f3knak T\u00e1j\u00e9koztat\u00e1s a seg\u00e9deszk\u00f6z\u00f6k beszerz\u00e9si lehet\u0151s\u00e9geir\u0151l. K\u00f6zrem\u0171k\u00f6d\u00e9s fogyat\u00e9koss\u00e1ggal \u00f6sszef\u00fcgg\u00e9sben hivatalos \u00fcgyek int\u00e9z\u00e9s\u00e9ben. Egy\u00e9nek \u00e9s csal\u00e1dok \u00f6n\u00e1ll\u00f3 \u00e9letvezet\u00e9si k\u00e9pess\u00e9g\u00e9nek meg\u0151rz\u00e9se, fenn\u00e1ll\u00f3 probl\u00e9m\u00e1k kezel\u00e9se. Rendszerszeml\u00e9let\u0171, komplex szoci\u00e1lis seg\u00edt\u0151 tev\u00e9kenys\u00e9g ny\u00fajt\u00e1sa. Ig\u00e9ny eset\u00e9n hozz\u00e1tartoz\u00f3i csoportok szervez\u00e9se, vezet\u00e9se. A fogyat\u00e9koss\u00e1g\u00fcgyi tan\u00e1csad\u00f3ink ter\u00fcleti illet\u00e9kess\u00e9ge: \u00a0Budapest IV., V., VI., VII., VIII., IX., X., XIII., XIV., XV., XVI., XIX. ker\u00fcletei. M\u00e1s ter\u00fcleten \u00e9l\u0151k sz\u00e1m\u00e1ra inf\u00f3k: https:\/\/www.efiportal.hu\/a-projekt-szolgaltatasai\/fogyatekossagugyi-tanacsadoi-halozat\/ Kihelyezett fogad\u00f3 \u00f3r\u00e1kat biztos\u00edtunk jelenleg havi egy alkalommal: V. ker\u00fcletben, VIII. ker\u00fcletben, IX. ker\u00fcletben, X. ker\u00fcletben, XIII. ker\u00fcletben, XIV. ker\u00fcletben, XV. ker\u00fcletben, XVI. ker\u00fcletben. Pontos helysz\u00ednekr\u0151l, id\u0151pontokr\u00f3l \u00e9rdekl\u0151djenek a tan\u00e1csad\u00f3kn\u00e1l. El\u00e9rhet\u0151s\u00e9gek: Telephely: 1073 Budapest Kert\u00e9sz u. 20. Telefon: +36 1 322 0272 \u00d6nseg\u00edt\u0151 csoportjainkba a F\u0151v\u00e1ros eg\u00e9sz ter\u00fclet\u00e9r\u0151l v\u00e1rjuk az \u00e9rdekl\u0151d\u0151ket: Egy\u00fctt-L\u00c9T csoport: demens betegek hozz\u00e1tartoz\u00f3i csoportja, minden h\u00f3nap 2. p\u00e9ntek\u00e9n SM Harcosok klubja: SM betegek \u00f6nseg\u00edt\u0151 csoportja, minden h\u00f3nap 3. h\u00e9tf\u0151j\u00e9n A csoportokba el\u0151zetes regisztr\u00e1ci\u00f3 sz\u00fcks\u00e9ges +36 30\u00a0788 55 14; vagy frecska.vera@bjhuman.hu el\u00e9rhet\u0151s\u00e9geken. \u00a0 El\u00e9rhet\u0151s\u00e9gek: Fogyat\u00e9koss\u00e1g\u00fcgyi tan\u00e1csad\u00f3k: Frecska Vera: 06 30 788 55 14 ; frecska.vera@bjhuman.huFogarasi Krisztina&nbsp; 06 30&nbsp;167 66 16;&nbsp;fogarasi.krisztina@bjhuman.hu +36 1 322 02 72 1074 Bp., Hutyra Ferenc utca 11-15.<\/p>\n","protected":false},"author":2,"featured_media":0,"parent":0,"menu_order":0,"comment_status":"closed","ping_status":"closed","template":"","meta":{"footnotes":""},"class_list":["post-1101","page","type-page","status-publish","hentry"],"rttpg_featured_image_url":null,"rttpg_author":{"display_name":"krisztina","author_link":"https:\/\/bjhuman.hu\/index.php\/author\/krisztina\/"},"rttpg_comment":0,"rttpg_category":null,"rttpg_excerpt":"2022-ben megkezdt\u00fck fogyat\u00e9koss\u00e1g\u00fcgyi tan\u00e1csad\u00f3i tev\u00e9kenys\u00e9g\u00fcnket a VII. Ker\u00fcleti Csal\u00e1d- \u00e9s Gyermekj\u00f3l\u00e9ti K\u00f6zpontban. Munk\u00e1nk sor\u00e1n tan\u00e1csad\u00e1st biztos\u00edtunk a fogyat\u00e9kos szem\u00e9lyek (l\u00e1t\u00e1ss\u00e9r\u00fclt, hall\u00e1ss\u00e9r\u00fclt, mozg\u00e1ss\u00e9r\u00fclt, autista, besz\u00e9dfogyat\u00e9kos, \u00e9rtelmi fogyat\u00e9kos, pszichoszoci\u00e1lis fogyat\u00e9kos) \u00e9s csal\u00e1dtagjaik \u00a0sz\u00e1m\u00e1ra az al\u00e1bbiakban: Inform\u00e1ci\u00f3 ny\u00fajt\u00e1sa a k\u00f6zszolg\u00e1ltat\u00e1sok b\u00e1rmely ter\u00fclet\u00e9r\u0151l T\u00e1j\u00e9koztat\u00e1s a helyi szint\u0171 szolg\u00e1ltat\u00e1sokr\u00f3l, ell\u00e1t\u00e1sokr\u00f3l, int\u00e9zm\u00e9nyekr\u0151l Seg\u00edts\u00e9g ny\u00fajt\u00e1sa helyi szakemberek keres\u00e9s\u00e9ben Sz\u00fcks\u00e9g eset\u00e9n seg\u00edts\u00e9g a&hellip;","_links":{"self":[{"href":"https:\/\/bjhuman.hu\/index.php\/wp-json\/wp\/v2\/pages\/1101","targetHints":{"allow":["GET"]}}],"collection":[{"href":"https:\/\/bjhuman.hu\/index.php\/wp-json\/wp\/v2\/pages"}],"about":[{"href":"https:\/\/bjhuman.hu\/index.php\/wp-json\/wp\/v2\/types\/page"}],"author":[{"embeddable":true,"href":"https:\/\/bjhuman.hu\/index.php\/wp-json\/wp\/v2\/users\/2"}],"replies":[{"embeddable":true,"href":"https:\/\/bjhuman.hu\/index.php\/wp-json\/wp\/v2\/comments?post=1101"}],"version-history":[{"count":33,"href":"https:\/\/bjhuman.hu\/index.php\/wp-json\/wp\/v2\/pages\/1101\/revisions"}],"predecessor-version":[{"id":13253,"href":"https:\/\/bjhuman.hu\/index.php\/wp-json\/wp\/v2\/pages\/1101\/revisions\/13253"}],"wp:attachment":[{"href":"https:\/\/bjhuman.hu\/index.php\/wp-json\/wp\/v2\/media?parent=1101"}],"curies":[{"name":"wp","href":"https:\/\/api.w.org\/{rel}","templated":true}]}}