{"id":10436,"date":"2025-01-09T11:54:12","date_gmt":"2025-01-09T09:54:12","guid":{"rendered":"https:\/\/bjhuman.hu\/?page_id=10436"},"modified":"2025-01-09T12:17:58","modified_gmt":"2025-01-09T10:17:58","slug":"szocokos","status":"publish","type":"page","link":"https:\/\/bjhuman.hu\/index.php\/szocokos\/","title":{"rendered":"Szocokos"},"content":{"rendered":"\t\t<div data-elementor-type=\"wp-page\" data-elementor-id=\"10436\" class=\"elementor elementor-10436\">\n\t\t\t\t\t\t<section class=\"elementor-section elementor-top-section elementor-element elementor-element-665a96d elementor-section-height-min-height elementor-section-items-top elementor-section-boxed elementor-section-height-default wpr-particle-no wpr-jarallax-no wpr-parallax-no wpr-sticky-section-no wpr-equal-height-no\" data-id=\"665a96d\" data-element_type=\"section\" data-e-type=\"section\">\n\t\t\t\t\t\t<div class=\"elementor-container elementor-column-gap-default\">\n\t\t\t\t\t<div class=\"elementor-column elementor-col-50 elementor-top-column elementor-element elementor-element-6dc4f9b\" data-id=\"6dc4f9b\" data-element_type=\"column\" data-e-type=\"column\">\n\t\t\t<div class=\"elementor-widget-wrap elementor-element-populated\">\n\t\t\t\t\t\t<div class=\"elementor-element elementor-element-2bb9fbb elementor-widget elementor-widget-image\" data-id=\"2bb9fbb\" data-element_type=\"widget\" data-e-type=\"widget\" data-widget_type=\"image.default\">\n\t\t\t\t<div class=\"elementor-widget-container\">\n\t\t\t\t\t\t\t\t\t\t\t\t\t\t\t\t<a href=\"https:\/\/szocokos.hu\/form\/o4skck44084wkcg84w4kccgw\">\n\t\t\t\t\t\t\t<img fetchpriority=\"high\" decoding=\"async\" width=\"1024\" height=\"307\" src=\"https:\/\/bjhuman.hu\/wp-content\/uploads\/2023\/11\/szocokos-1024x307.png\" class=\"attachment-large size-large wp-image-10424\" alt=\"Erzs\u00e9betv\u00e1rosi SzocOkos\" srcset=\"https:\/\/bjhuman.hu\/wp-content\/uploads\/2023\/11\/szocokos-1024x307.png 1024w, https:\/\/bjhuman.hu\/wp-content\/uploads\/2023\/11\/szocokos-300x90.png 300w, https:\/\/bjhuman.hu\/wp-content\/uploads\/2023\/11\/szocokos-768x231.png 768w, https:\/\/bjhuman.hu\/wp-content\/uploads\/2023\/11\/szocokos.png 1179w\" sizes=\"(max-width: 709px) 85vw, (max-width: 909px) 67vw, (max-width: 1362px) 62vw, 840px\" \/>\t\t\t\t\t\t\t\t<\/a>\n\t\t\t\t\t\t\t\t\t\t\t\t\t\t\t<\/div>\n\t\t\t\t<\/div>\n\t\t\t\t<div class=\"elementor-element elementor-element-7251684 elementor-widget elementor-widget-heading\" data-id=\"7251684\" data-element_type=\"widget\" data-e-type=\"widget\" data-widget_type=\"heading.default\">\n\t\t\t\t<div class=\"elementor-widget-container\">\n\t\t\t\t\t<h3 class=\"elementor-heading-title elementor-size-default\"><a href=\"https:\/\/szocokos.hu\/form\/o4skck44084wkcg84w4kccgw\">Gyermekekhez kapcsol\u00f3d\u00f3 szoci\u00e1lis t\u00e1mogat\u00e1s<\/a><\/h3>\t\t\t\t<\/div>\n\t\t\t\t<\/div>\n\t\t\t\t\t<\/div>\n\t\t<\/div>\n\t\t\t\t<div class=\"elementor-column elementor-col-50 elementor-top-column elementor-element elementor-element-78da272\" data-id=\"78da272\" data-element_type=\"column\" data-e-type=\"column\">\n\t\t\t<div class=\"elementor-widget-wrap elementor-element-populated\">\n\t\t\t\t\t\t<div class=\"elementor-element elementor-element-6cb0d6f elementor-widget elementor-widget-image\" data-id=\"6cb0d6f\" data-element_type=\"widget\" data-e-type=\"widget\" data-widget_type=\"image.default\">\n\t\t\t\t<div class=\"elementor-widget-container\">\n\t\t\t\t\t\t\t\t\t\t\t\t\t\t\t\t<a href=\"https:\/\/szocokos.hu\/form\/qk0cgwscssgw84c8oo8ggwcw\">\n\t\t\t\t\t\t\t<img fetchpriority=\"high\" decoding=\"async\" width=\"1024\" height=\"307\" src=\"https:\/\/bjhuman.hu\/wp-content\/uploads\/2023\/11\/szocokos-1024x307.png\" class=\"attachment-large size-large wp-image-10424\" alt=\"Erzs\u00e9betv\u00e1rosi SzocOkos\" srcset=\"https:\/\/bjhuman.hu\/wp-content\/uploads\/2023\/11\/szocokos-1024x307.png 1024w, https:\/\/bjhuman.hu\/wp-content\/uploads\/2023\/11\/szocokos-300x90.png 300w, https:\/\/bjhuman.hu\/wp-content\/uploads\/2023\/11\/szocokos-768x231.png 768w, https:\/\/bjhuman.hu\/wp-content\/uploads\/2023\/11\/szocokos.png 1179w\" sizes=\"(max-width: 709px) 85vw, (max-width: 909px) 67vw, (max-width: 1362px) 62vw, 840px\" \/>\t\t\t\t\t\t\t\t<\/a>\n\t\t\t\t\t\t\t\t\t\t\t\t\t\t\t<\/div>\n\t\t\t\t<\/div>\n\t\t\t\t<div class=\"elementor-element elementor-element-6968311 elementor-widget elementor-widget-heading\" data-id=\"6968311\" data-element_type=\"widget\" data-e-type=\"widget\" data-widget_type=\"heading.default\">\n\t\t\t\t<div class=\"elementor-widget-container\">\n\t\t\t\t\t<h3 class=\"elementor-heading-title elementor-size-default\"><a href=\"https:\/\/szocokos.hu\/form\/qk0cgwscssgw84c8oo8ggwcw\">Jogosults\u00e1g t\u00e1mogat\u00e1sra<\/a><\/h3>\t\t\t\t<\/div>\n\t\t\t\t<\/div>\n\t\t\t\t\t<\/div>\n\t\t<\/div>\n\t\t\t\t\t<\/div>\n\t\t<\/section>\n\t\t\t\t<\/div>\n\t\t","protected":false},"excerpt":{"rendered":"<p>Gyermekekhez kapcsol\u00f3d\u00f3 szoci\u00e1lis t\u00e1mogat\u00e1s Jogosults\u00e1g t\u00e1mogat\u00e1sra<\/p>\n","protected":false},"author":1,"featured_media":0,"parent":0,"menu_order":0,"comment_status":"closed","ping_status":"closed","template":"","meta":{"footnotes":""},"class_list":["post-10436","page","type-page","status-publish","hentry"],"rttpg_featured_image_url":null,"rttpg_author":{"display_name":"hyperlord","author_link":"https:\/\/bjhuman.hu\/index.php\/author\/hyperlord\/"},"rttpg_comment":0,"rttpg_category":null,"rttpg_excerpt":"Gyermekekhez kapcsol\u00f3d\u00f3 szoci\u00e1lis t\u00e1mogat\u00e1s Jogosults\u00e1g t\u00e1mogat\u00e1sra","_links":{"self":[{"href":"https:\/\/bjhuman.hu\/index.php\/wp-json\/wp\/v2\/pages\/10436","targetHints":{"allow":["GET"]}}],"collection":[{"href":"https:\/\/bjhuman.hu\/index.php\/wp-json\/wp\/v2\/pages"}],"about":[{"href":"https:\/\/bjhuman.hu\/index.php\/wp-json\/wp\/v2\/types\/page"}],"author":[{"embeddable":true,"href":"https:\/\/bjhuman.hu\/index.php\/wp-json\/wp\/v2\/users\/1"}],"replies":[{"embeddable":true,"href":"https:\/\/bjhuman.hu\/index.php\/wp-json\/wp\/v2\/comments?post=10436"}],"version-history":[{"count":34,"href":"https:\/\/bjhuman.hu\/index.php\/wp-json\/wp\/v2\/pages\/10436\/revisions"}],"predecessor-version":[{"id":10478,"href":"https:\/\/bjhuman.hu\/index.php\/wp-json\/wp\/v2\/pages\/10436\/revisions\/10478"}],"wp:attachment":[{"href":"https:\/\/bjhuman.hu\/index.php\/wp-json\/wp\/v2\/media?parent=10436"}],"curies":[{"name":"wp","href":"https:\/\/api.w.org\/{rel}","templated":true}]}}